{"id":4015,"date":"2024-12-05T23:02:40","date_gmt":"2024-12-06T02:02:40","guid":{"rendered":"https:\/\/internacionales.unicen.edu.ar\/?page_id=4015"},"modified":"2025-05-05T09:11:49","modified_gmt":"2025-05-05T12:11:49","slug":"proyectos-de-internacionalizacion","status":"publish","type":"page","link":"https:\/\/internacionales.unicen.edu.ar\/?page_id=4015","title":{"rendered":"Proyectos de internacionalizaci\u00f3n"},"content":{"rendered":"\t\t<div data-elementor-type=\"wp-page\" data-elementor-id=\"4015\" class=\"elementor elementor-4015\">\n\t\t\t\t<div class=\"elementor-element elementor-element-dd4fe2a e-grid e-con-boxed e-con e-parent\" data-id=\"dd4fe2a\" data-element_type=\"container\">\n\t\t\t\t\t<div class=\"e-con-inner\">\n\t\t\t\t<div class=\"elementor-element elementor-element-59cfcb1 elementor-widget elementor-widget-image\" data-id=\"59cfcb1\" data-element_type=\"widget\" data-widget_type=\"image.default\">\n\t\t\t\t<div class=\"elementor-widget-container\">\n\t\t\t\t\t\t\t\t\t\t\t\t\t\t\t<img fetchpriority=\"high\" decoding=\"async\" width=\"410\" height=\"123\" src=\"https:\/\/internacionales.unicen.edu.ar\/wp-content\/uploads\/2025\/05\/PIESCI.webp\" class=\"attachment-large size-large wp-image-4647\" alt=\"\" srcset=\"https:\/\/internacionales.unicen.edu.ar\/wp-content\/uploads\/2025\/05\/PIESCI.webp 410w, https:\/\/internacionales.unicen.edu.ar\/wp-content\/uploads\/2025\/05\/PIESCI-300x90.webp 300w\" sizes=\"(max-width: 410px) 100vw, 410px\" \/>\t\t\t\t\t\t\t\t\t\t\t\t\t\t\t<\/div>\n\t\t\t\t<\/div>\n\t\t\t\t<div class=\"elementor-element elementor-element-404a065 elementor-widget elementor-widget-text-editor\" data-id=\"404a065\" data-element_type=\"widget\" data-widget_type=\"text-editor.default\">\n\t\t\t\t<div class=\"elementor-widget-container\">\n\t\t\t\t\t\t\t\t\t<p><span style=\"font-weight: 400;\">El Programa de Internacionalizaci\u00f3n de la Educaci\u00f3n Superior y Cooperaci\u00f3n Internacional (PIESCI) promueve la internacionalizaci\u00f3n de las instituciones universitarias argentinas para su fortalecimiento integral en tres dimensiones: la Cooperaci\u00f3n internacional, la Promoci\u00f3n de la universidad argentina en el mundo y la Articulaci\u00f3n de las demandas y necesidades del sistema universitario argentino en materia de internacionalizaci\u00f3n de la educaci\u00f3n superior.<\/span><\/p>\t\t\t\t\t\t\t\t<\/div>\n\t\t\t\t<\/div>\n\t\t\t\t\t<\/div>\n\t\t\t\t<\/div>\n\t\t<div class=\"elementor-element elementor-element-6336def e-flex e-con-boxed e-con e-parent\" data-id=\"6336def\" data-element_type=\"container\">\n\t\t\t\t\t<div class=\"e-con-inner\">\n\t\t\t\t\t<\/div>\n\t\t\t\t<\/div>\n\t\t<div class=\"elementor-element elementor-element-fd4115f e-flex e-con-boxed e-con e-parent\" data-id=\"fd4115f\" data-element_type=\"container\">\n\t\t\t\t\t<div class=\"e-con-inner\">\n\t\t<div class=\"elementor-element elementor-element-e093983 e-con-full e-flex e-con e-child\" data-id=\"e093983\" data-element_type=\"container\">\n\t\t\t\t<div class=\"elementor-element elementor-element-90f4d8d elementor-widget elementor-widget-image\" data-id=\"90f4d8d\" data-element_type=\"widget\" data-widget_type=\"image.default\">\n\t\t\t\t<div class=\"elementor-widget-container\">\n\t\t\t\t\t\t\t\t\t\t\t\t\t\t\t<img decoding=\"async\" width=\"608\" height=\"294\" src=\"https:\/\/internacionales.unicen.edu.ar\/wp-content\/uploads\/2025\/04\/arfagri_0.webp\" class=\"attachment-large size-large wp-image-4448\" alt=\"\" srcset=\"https:\/\/internacionales.unicen.edu.ar\/wp-content\/uploads\/2025\/04\/arfagri_0.webp 608w, https:\/\/internacionales.unicen.edu.ar\/wp-content\/uploads\/2025\/04\/arfagri_0-300x145.webp 300w\" sizes=\"(max-width: 608px) 100vw, 608px\" \/>\t\t\t\t\t\t\t\t\t\t\t\t\t\t\t<\/div>\n\t\t\t\t<\/div>\n\t\t\t\t<div class=\"elementor-element elementor-element-1b07041 elementor-widget elementor-widget-text-editor\" data-id=\"1b07041\" data-element_type=\"widget\" data-widget_type=\"text-editor.default\">\n\t\t\t\t<div class=\"elementor-widget-container\">\n\t\t\t\t\t\t\t\t\t<p><span style=\"font-weight: 400;\">Programa ARgentina Francia AGRIcultura (ARFAGRI) de Cooperaci\u00f3n Bilateral coordinado por PIESCI\/SPU\/ME. El objetivo se funda en la implementaci\u00f3n de proyectos de cooperaci\u00f3n entre instituciones de educaci\u00f3n superior argentinas y francesas vinculadas con las disciplinas agron\u00f3micas, agroalimentarias, veterinarias y afines.<\/span><\/p><p><span style=\"font-weight: 400;\">La Facultad de Ciencias Veterinarias participa de las convocatorias.<\/span><\/p><p><span style=\"font-weight: 400;\">En experiencias te contamos m\u00e1s.<\/span><\/p><p><a href=\"https:\/\/drive.google.com\/file\/d\/1i2ZrFaIJazBT--bXIgYUue0fhA_8UoRm\/view?usp=sharing\">Convocatoria Movilidad Docente 2025<\/a><\/p><p><\/p>\t\t\t\t\t\t\t\t<\/div>\n\t\t\t\t<\/div>\n\t\t\t\t<\/div>\n\t\t<div class=\"elementor-element elementor-element-76bdb08 e-con-full e-flex e-con e-child\" data-id=\"76bdb08\" data-element_type=\"container\">\n\t\t\t\t<div class=\"elementor-element elementor-element-b27e2db elementor-widget elementor-widget-image\" data-id=\"b27e2db\" data-element_type=\"widget\" data-widget_type=\"image.default\">\n\t\t\t\t<div class=\"elementor-widget-container\">\n\t\t\t\t\t\t\t\t\t\t\t\t\t\t\t<img decoding=\"async\" width=\"655\" height=\"283\" src=\"https:\/\/internacionales.unicen.edu.ar\/wp-content\/uploads\/2025\/03\/artifec.webp\" class=\"attachment-large size-large wp-image-4338\" alt=\"\" srcset=\"https:\/\/internacionales.unicen.edu.ar\/wp-content\/uploads\/2025\/03\/artifec.webp 655w, https:\/\/internacionales.unicen.edu.ar\/wp-content\/uploads\/2025\/03\/artifec-300x130.webp 300w\" sizes=\"(max-width: 655px) 100vw, 655px\" \/>\t\t\t\t\t\t\t\t\t\t\t\t\t\t\t<\/div>\n\t\t\t\t<\/div>\n\t\t\t\t<div class=\"elementor-element elementor-element-633f534 elementor-widget elementor-widget-text-editor\" data-id=\"633f534\" data-element_type=\"widget\" data-widget_type=\"text-editor.default\">\n\t\t\t\t<div class=\"elementor-widget-container\">\n\t\t\t\t\t\t\t\t\t<p><span style=\"font-weight: 400;\">Programa ARgentina Francia Ingenieros TECnolog\u00eda (ARFITEC). Tiene como objetivo crear y consolidar v\u00ednculos de cooperaci\u00f3n entre las instituciones de ense\u00f1anza superior argentinas y francesas responsables de la formaci\u00f3n de ingenieros de ambos pa\u00edses.<\/span><\/p><p><span style=\"font-weight: 400;\">Las Facultades de Ingenier\u00eda y de Exactas participan del programa en las distintas convocatorias.<\/span><\/p><p><span style=\"font-weight: 400;\">En experiencias te contamos m\u00e1s.<\/span><\/p>\t\t\t\t\t\t\t\t<\/div>\n\t\t\t\t<\/div>\n\t\t\t\t<\/div>\n\t\t<div class=\"elementor-element elementor-element-caf78c9 e-con-full e-flex e-con e-child\" data-id=\"caf78c9\" data-element_type=\"container\">\n\t\t\t\t<div class=\"elementor-element elementor-element-a0fd451 elementor-widget elementor-widget-image\" data-id=\"a0fd451\" data-element_type=\"widget\" data-widget_type=\"image.default\">\n\t\t\t\t<div class=\"elementor-widget-container\">\n\t\t\t\t\t\t\t\t\t\t\t\t\t\t\t<img loading=\"lazy\" decoding=\"async\" width=\"607\" height=\"289\" src=\"https:\/\/internacionales.unicen.edu.ar\/wp-content\/uploads\/2025\/03\/innovart.webp\" class=\"attachment-large size-large wp-image-4340\" alt=\"\" srcset=\"https:\/\/internacionales.unicen.edu.ar\/wp-content\/uploads\/2025\/03\/innovart.webp 607w, https:\/\/internacionales.unicen.edu.ar\/wp-content\/uploads\/2025\/03\/innovart-300x143.webp 300w\" sizes=\"(max-width: 607px) 100vw, 607px\" \/>\t\t\t\t\t\t\t\t\t\t\t\t\t\t\t<\/div>\n\t\t\t\t<\/div>\n\t\t\t\t<div class=\"elementor-element elementor-element-6abbbc0 elementor-widget elementor-widget-text-editor\" data-id=\"6abbbc0\" data-element_type=\"widget\" data-widget_type=\"text-editor.default\">\n\t\t\t\t<div class=\"elementor-widget-container\">\n\t\t\t\t\t\t\t\t\t<p><span style=\"font-weight: 400;\">El Programa franco-argentino INNOVART en Arte e Innovaci\u00f3n.<\/span><\/p><p><span style=\"font-weight: 400;\">El objetivo es promover la creatividad, la investigaci\u00f3n y la experimentaci\u00f3n en torno a dichos campos disciplinares, generar y reforzar lazos institucionales, acad\u00e9micos y pedag\u00f3gicos. La Facultad de Arte participa de este programa en las distintas convocatorias.<\/span><\/p><p><span style=\"font-weight: 400;\">En experiencias te contamos m\u00e1s.<\/span><\/p>\t\t\t\t\t\t\t\t<\/div>\n\t\t\t\t<\/div>\n\t\t\t\t<\/div>\n\t\t\t\t\t<\/div>\n\t\t\t\t<\/div>\n\t\t<div class=\"elementor-element elementor-element-37b7375 e-flex e-con-boxed e-con e-parent\" data-id=\"37b7375\" data-element_type=\"container\">\n\t\t\t\t\t<div class=\"e-con-inner\">\n\t\t\t\t<div class=\"elementor-element elementor-element-f4015b4 elementor-widget elementor-widget-heading\" data-id=\"f4015b4\" data-element_type=\"widget\" data-widget_type=\"heading.default\">\n\t\t\t\t<div class=\"elementor-widget-container\">\n\t\t\t\t\t<h2 class=\"elementor-heading-title elementor-size-default\">FORTALECIMIENTO DE LOS PROCESOS DE INTERNACIONALIZACI\u00d3N<\/h2>\t\t\t\t<\/div>\n\t\t\t\t<\/div>\n\t\t\t\t\t<\/div>\n\t\t\t\t<\/div>\n\t\t<div class=\"elementor-element elementor-element-7090fce e-flex e-con-boxed e-con e-parent\" data-id=\"7090fce\" data-element_type=\"container\">\n\t\t\t\t\t<div class=\"e-con-inner\">\n\t\t\t\t<div class=\"elementor-element elementor-element-d58beb4 elementor-widget elementor-widget-text-editor\" data-id=\"d58beb4\" data-element_type=\"widget\" data-widget_type=\"text-editor.default\">\n\t\t\t\t<div class=\"elementor-widget-container\">\n\t\t\t\t\t\t\t\t\t<p><span style=\"font-weight: 400;\">La UNICEN ha participado en distintas convocatorias del Programa con el objetivo de fortalecer la internacionalizaci\u00f3n de la educaci\u00f3n superior de manera transversal a las funciones sustantivas de ense\u00f1anza, investigaci\u00f3n y extensi\u00f3n. Del mismo modo, se ha promovido el fortalecimiento de la gesti\u00f3n buscando favorecer el desarrollo de un proceso de internacionalizaci\u00f3n integral de la UNICEN.<\/span><\/p><p><span style=\"font-weight: 400;\">Entre los destacados se pueden mencionar:<\/span><\/p><ul><li style=\"font-weight: 400;\" aria-level=\"1\"><span style=\"font-weight: 400;\">Proyecto \u201cLa internacionalizaci\u00f3n integral de la UNICEN: estrategias y acciones para su promoci\u00f3n desde la virtualidad\u201d CI53-UNICEN2556 aprobado y financiado por\u00a0 Disposici\u00f3n SPU N\u00ba 89\/2021. Per\u00edodo 2021-2023<\/span><\/li><\/ul><p><span style=\"font-weight: 400;\">\u00a0\u00a0\u00a0\u00a0\u00a0\u00a0\u00a0\u00a0\u00a0\u00a0\u00a0\u00a0\u00a0\u00a0\u00a0\u00a0<\/span><a href=\"https:\/\/www.youtube.com\/watch?v=epCj6V74kDI\"><span style=\"font-weight: 400;\">Resumen del proyecto<\/span><\/a><\/p><ul><li style=\"font-weight: 400;\" aria-level=\"1\"><span style=\"font-weight: 400;\">Proyecto \u201cEstrategias y acciones para el fortalecimiento del proceso de internacionalizaci\u00f3n de la UNICEN\u201d CI67-UNICEN 2939. presentado y aprobado por Resoluci\u00f3n SPU N\u00b0 421\/2023. Per\u00edodo 2023-2024<\/span><\/li><\/ul>\t\t\t\t\t\t\t\t<\/div>\n\t\t\t\t<\/div>\n\t\t\t\t\t<\/div>\n\t\t\t\t<\/div>\n\t\t\t\t<\/div>\n\t\t","protected":false},"excerpt":{"rendered":"<p>El Programa de Internacionalizaci\u00f3n de la Educaci\u00f3n Superior y Cooperaci\u00f3n Internacional (PIESCI) promueve la internacionalizaci\u00f3n de las instituciones universitarias argentinas para su fortalecimiento integral en tres dimensiones: la Cooperaci\u00f3n internacional, la Promoci\u00f3n de la universidad argentina en el mundo y la Articulaci\u00f3n de las demandas y necesidades del sistema universitario [&hellip;]<\/p>\n","protected":false},"author":1,"featured_media":0,"parent":0,"menu_order":0,"comment_status":"closed","ping_status":"closed","template":"elementor_theme","meta":{"footnotes":""},"class_list":["post-4015","page","type-page","status-publish","hentry"],"rttpg_featured_image_url":null,"rttpg_author":{"display_name":"soporte","author_link":"https:\/\/internacionales.unicen.edu.ar\/?author=1"},"rttpg_comment":0,"rttpg_category":null,"rttpg_excerpt":"El Programa de Internacionalizaci\u00f3n de la Educaci\u00f3n Superior y Cooperaci\u00f3n Internacional (PIESCI) promueve la internacionalizaci\u00f3n de las instituciones universitarias argentinas para su fortalecimiento integral en tres dimensiones: la Cooperaci\u00f3n internacional, la Promoci\u00f3n de la universidad argentina en el mundo y la Articulaci\u00f3n de las demandas y necesidades del sistema universitario [&hellip;]","_links":{"self":[{"href":"https:\/\/internacionales.unicen.edu.ar\/index.php?rest_route=\/wp\/v2\/pages\/4015","targetHints":{"allow":["GET"]}}],"collection":[{"href":"https:\/\/internacionales.unicen.edu.ar\/index.php?rest_route=\/wp\/v2\/pages"}],"about":[{"href":"https:\/\/internacionales.unicen.edu.ar\/index.php?rest_route=\/wp\/v2\/types\/page"}],"author":[{"embeddable":true,"href":"https:\/\/internacionales.unicen.edu.ar\/index.php?rest_route=\/wp\/v2\/users\/1"}],"replies":[{"embeddable":true,"href":"https:\/\/internacionales.unicen.edu.ar\/index.php?rest_route=%2Fwp%2Fv2%2Fcomments&post=4015"}],"version-history":[{"count":22,"href":"https:\/\/internacionales.unicen.edu.ar\/index.php?rest_route=\/wp\/v2\/pages\/4015\/revisions"}],"predecessor-version":[{"id":4650,"href":"https:\/\/internacionales.unicen.edu.ar\/index.php?rest_route=\/wp\/v2\/pages\/4015\/revisions\/4650"}],"wp:attachment":[{"href":"https:\/\/internacionales.unicen.edu.ar\/index.php?rest_route=%2Fwp%2Fv2%2Fmedia&parent=4015"}],"curies":[{"name":"wp","href":"https:\/\/api.w.org\/{rel}","templated":true}]}}

Proyectos de internacionalización

<div data-elementor-type="wp-page" data-elementor-id="4015" class="elementor elementor-4015">
				<div class="elementor-element elementor-element-dd4fe2a e-grid e-con-boxed e-con e-parent" data-id="dd4fe2a" data-element_type="container">
					<div class="e-con-inner">
				<div class="elementor-element elementor-element-59cfcb1 elementor-widget elementor-widget-image" data-id="59cfcb1" data-element_type="widget" data-widget_type="image.default">
				<div class="elementor-widget-container">
															<img fetchpriority="high" decoding="async" width="410" height="123" src="https://internacionales.unicen.edu.ar/wp-content/uploads/2025/05/PIESCI.webp" class="attachment-large size-large wp-image-4647" alt="" srcset="https://internacionales.unicen.edu.ar/wp-content/uploads/2025/05/PIESCI.webp 410w, https://internacionales.unicen.edu.ar/wp-content/uploads/2025/05/PIESCI-300x90.webp 300w" sizes="(max-width: 410px) 100vw, 410px" />															</div>
				</div>
				<div class="elementor-element elementor-element-404a065 elementor-widget elementor-widget-text-editor" data-id="404a065" data-element_type="widget" data-widget_type="text-editor.default">
				<div class="elementor-widget-container">
									<p><span style="font-weight: 400;">El Programa de Internacionalización de la Educación Superior y Cooperación Internacional (PIESCI) promueve la internacionalización de las instituciones universitarias argentinas para su fortalecimiento integral en tres dimensiones: la Cooperación internacional, la Promoción de la universidad argentina en el mundo y la Articulación de las demandas y necesidades del sistema universitario argentino en materia de internacionalización de la educación superior.</span></p>								</div>
				</div>
					</div>
				</div>
		<div class="elementor-element elementor-element-6336def e-flex e-con-boxed e-con e-parent" data-id="6336def" data-element_type="container">
					<div class="e-con-inner">
					</div>
				</div>
		<div class="elementor-element elementor-element-fd4115f e-flex e-con-boxed e-con e-parent" data-id="fd4115f" data-element_type="container">
					<div class="e-con-inner">
		<div class="elementor-element elementor-element-e093983 e-con-full e-flex e-con e-child" data-id="e093983" data-element_type="container">
				<div class="elementor-element elementor-element-90f4d8d elementor-widget elementor-widget-image" data-id="90f4d8d" data-element_type="widget" data-widget_type="image.default">
				<div class="elementor-widget-container">
															<img decoding="async" width="608" height="294" src="https://internacionales.unicen.edu.ar/wp-content/uploads/2025/04/arfagri_0.webp" class="attachment-large size-large wp-image-4448" alt="" srcset="https://internacionales.unicen.edu.ar/wp-content/uploads/2025/04/arfagri_0.webp 608w, https://internacionales.unicen.edu.ar/wp-content/uploads/2025/04/arfagri_0-300x145.webp 300w" sizes="(max-width: 608px) 100vw, 608px" />															</div>
				</div>
				<div class="elementor-element elementor-element-1b07041 elementor-widget elementor-widget-text-editor" data-id="1b07041" data-element_type="widget" data-widget_type="text-editor.default">
				<div class="elementor-widget-container">
									<p><span style="font-weight: 400;">Programa ARgentina Francia AGRIcultura (ARFAGRI) de Cooperación Bilateral coordinado por PIESCI/SPU/ME. El objetivo se funda en la implementación de proyectos de cooperación entre instituciones de educación superior argentinas y francesas vinculadas con las disciplinas agronómicas, agroalimentarias, veterinarias y afines.</span></p><p><span style="font-weight: 400;">La Facultad de Ciencias Veterinarias participa de las convocatorias.</span></p><p><span style="font-weight: 400;">En experiencias te contamos más.</span></p><p><a href="https://drive.google.com/file/d/1i2ZrFaIJazBT--bXIgYUue0fhA_8UoRm/view?usp=sharing">Convocatoria Movilidad Docente 2025</a></p><p></p>								</div>
				</div>
				</div>
		<div class="elementor-element elementor-element-76bdb08 e-con-full e-flex e-con e-child" data-id="76bdb08" data-element_type="container">
				<div class="elementor-element elementor-element-b27e2db elementor-widget elementor-widget-image" data-id="b27e2db" data-element_type="widget" data-widget_type="image.default">
				<div class="elementor-widget-container">
															<img decoding="async" width="655" height="283" src="https://internacionales.unicen.edu.ar/wp-content/uploads/2025/03/artifec.webp" class="attachment-large size-large wp-image-4338" alt="" srcset="https://internacionales.unicen.edu.ar/wp-content/uploads/2025/03/artifec.webp 655w, https://internacionales.unicen.edu.ar/wp-content/uploads/2025/03/artifec-300x130.webp 300w" sizes="(max-width: 655px) 100vw, 655px" />															</div>
				</div>
				<div class="elementor-element elementor-element-633f534 elementor-widget elementor-widget-text-editor" data-id="633f534" data-element_type="widget" data-widget_type="text-editor.default">
				<div class="elementor-widget-container">
									<p><span style="font-weight: 400;">Programa ARgentina Francia Ingenieros TECnología (ARFITEC). Tiene como objetivo crear y consolidar vínculos de cooperación entre las instituciones de enseñanza superior argentinas y francesas responsables de la formación de ingenieros de ambos países.</span></p><p><span style="font-weight: 400;">Las Facultades de Ingeniería y de Exactas participan del programa en las distintas convocatorias.</span></p><p><span style="font-weight: 400;">En experiencias te contamos más.</span></p>								</div>
				</div>
				</div>
		<div class="elementor-element elementor-element-caf78c9 e-con-full e-flex e-con e-child" data-id="caf78c9" data-element_type="container">
				<div class="elementor-element elementor-element-a0fd451 elementor-widget elementor-widget-image" data-id="a0fd451" data-element_type="widget" data-widget_type="image.default">
				<div class="elementor-widget-container">
															<img loading="lazy" decoding="async" width="607" height="289" src="https://internacionales.unicen.edu.ar/wp-content/uploads/2025/03/innovart.webp" class="attachment-large size-large wp-image-4340" alt="" srcset="https://internacionales.unicen.edu.ar/wp-content/uploads/2025/03/innovart.webp 607w, https://internacionales.unicen.edu.ar/wp-content/uploads/2025/03/innovart-300x143.webp 300w" sizes="(max-width: 607px) 100vw, 607px" />															</div>
				</div>
				<div class="elementor-element elementor-element-6abbbc0 elementor-widget elementor-widget-text-editor" data-id="6abbbc0" data-element_type="widget" data-widget_type="text-editor.default">
				<div class="elementor-widget-container">
									<p><span style="font-weight: 400;">El Programa franco-argentino INNOVART en Arte e Innovación.</span></p><p><span style="font-weight: 400;">El objetivo es promover la creatividad, la investigación y la experimentación en torno a dichos campos disciplinares, generar y reforzar lazos institucionales, académicos y pedagógicos. La Facultad de Arte participa de este programa en las distintas convocatorias.</span></p><p><span style="font-weight: 400;">En experiencias te contamos más.</span></p>								</div>
				</div>
				</div>
					</div>
				</div>
		<div class="elementor-element elementor-element-37b7375 e-flex e-con-boxed e-con e-parent" data-id="37b7375" data-element_type="container">
					<div class="e-con-inner">
				<div class="elementor-element elementor-element-f4015b4 elementor-widget elementor-widget-heading" data-id="f4015b4" data-element_type="widget" data-widget_type="heading.default">
				<div class="elementor-widget-container">
					<h2 class="elementor-heading-title elementor-size-default">FORTALECIMIENTO DE LOS PROCESOS DE INTERNACIONALIZACIÓN</h2>				</div>
				</div>
					</div>
				</div>
		<div class="elementor-element elementor-element-7090fce e-flex e-con-boxed e-con e-parent" data-id="7090fce" data-element_type="container">
					<div class="e-con-inner">
				<div class="elementor-element elementor-element-d58beb4 elementor-widget elementor-widget-text-editor" data-id="d58beb4" data-element_type="widget" data-widget_type="text-editor.default">
				<div class="elementor-widget-container">
									<p><span style="font-weight: 400;">La UNICEN ha participado en distintas convocatorias del Programa con el objetivo de fortalecer la internacionalización de la educación superior de manera transversal a las funciones sustantivas de enseñanza, investigación y extensión. Del mismo modo, se ha promovido el fortalecimiento de la gestión buscando favorecer el desarrollo de un proceso de internacionalización integral de la UNICEN.</span></p><p><span style="font-weight: 400;">Entre los destacados se pueden mencionar:</span></p><ul><li style="font-weight: 400;" aria-level="1"><span style="font-weight: 400;">Proyecto “La internacionalización integral de la UNICEN: estrategias y acciones para su promoción desde la virtualidad” CI53-UNICEN2556 aprobado y financiado por  Disposición SPU Nº 89/2021. Período 2021-2023</span></li></ul><p><span style="font-weight: 400;">                </span><a href="https://www.youtube.com/watch?v=epCj6V74kDI"><span style="font-weight: 400;">Resumen del proyecto</span></a></p><ul><li style="font-weight: 400;" aria-level="1"><span style="font-weight: 400;">Proyecto “Estrategias y acciones para el fortalecimiento del proceso de internacionalización de la UNICEN” CI67-UNICEN 2939. presentado y aprobado por Resolución SPU N° 421/2023. Período 2023-2024</span></li></ul>								</div>
				</div>
					</div>
				</div>
				</div>

<p>El Programa de Internacionalización de la Educación Superior y Cooperación Internacional (PIESCI) promueve la internacionalización de las instituciones universitarias argentinas para su fortalecimiento integral en tres dimensiones: la Cooperación internacional, la Promoción de la universidad argentina en el mundo y la Articulación de las demandas y necesidades del sistema universitario [&hellip;]</p>

El Programa de Internacionalización de la Educación Superior y Cooperación Internacional (PIESCI) promueve la internacionalización de las instituciones universitarias argentinas para su fortalecimiento integral en tres dimensiones: la Cooperación internacional, la Promoción de la universidad argentina en el mundo y la Articulación de las demandas y necesidades del sistema universitario [&hellip;]
