{"id":4304,"date":"2025-03-06T10:10:40","date_gmt":"2025-03-06T13:10:40","guid":{"rendered":"https:\/\/internacionales.unicen.edu.ar\/?page_id=4304"},"modified":"2025-06-06T11:22:14","modified_gmt":"2025-06-06T14:22:14","slug":"ods-en-la-unicen","status":"publish","type":"page","link":"https:\/\/internacionales.unicen.edu.ar\/?page_id=4304","title":{"rendered":"ODS en la UNICEN"},"content":{"rendered":"\t\t<div data-elementor-type=\"wp-page\" data-elementor-id=\"4304\" class=\"elementor elementor-4304\">\n\t\t\t\t<div class=\"elementor-element elementor-element-34c58f2 e-flex e-con-boxed e-con e-parent\" data-id=\"34c58f2\" data-element_type=\"container\">\n\t\t\t\t\t<div class=\"e-con-inner\">\n\t\t<div class=\"elementor-element elementor-element-a80f6fe e-con-full e-flex e-con e-child\" data-id=\"a80f6fe\" data-element_type=\"container\">\n\t\t\t\t<div class=\"elementor-element elementor-element-939a4df elementor-widget elementor-widget-heading\" data-id=\"939a4df\" data-element_type=\"widget\" data-widget_type=\"heading.default\">\n\t\t\t\t<div class=\"elementor-widget-container\">\n\t\t\t\t\t<h4 class=\"elementor-heading-title elementor-size-default\">\u00bfQu\u00e9 son las ODS?<\/h4>\t\t\t\t<\/div>\n\t\t\t\t<\/div>\n\t\t\t\t<div class=\"elementor-element elementor-element-2d85546 elementor-widget elementor-widget-video\" data-id=\"2d85546\" data-element_type=\"widget\" data-settings=\"{&quot;youtube_url&quot;:&quot;https:\\\/\\\/www.youtube.com\\\/watch?v=5SsJhGZffz0&quot;,&quot;video_type&quot;:&quot;youtube&quot;,&quot;controls&quot;:&quot;yes&quot;}\" data-widget_type=\"video.default\">\n\t\t\t\t<div class=\"elementor-widget-container\">\n\t\t\t\t\t\t\t<div class=\"elementor-wrapper elementor-open-inline\">\n\t\t\t<div class=\"elementor-video\"><\/div>\t\t<\/div>\n\t\t\t\t\t\t<\/div>\n\t\t\t\t<\/div>\n\t\t\t\t<\/div>\n\t\t<div class=\"elementor-element elementor-element-df70088 e-con-full e-flex e-con e-child\" data-id=\"df70088\" data-element_type=\"container\">\n\t\t\t\t<div class=\"elementor-element elementor-element-4395266 elementor-widget elementor-widget-heading\" data-id=\"4395266\" data-element_type=\"widget\" data-widget_type=\"heading.default\">\n\t\t\t\t<div class=\"elementor-widget-container\">\n\t\t\t\t\t<h5 class=\"elementor-heading-title elementor-size-default\">ODS e internacionalizaci\u00f3n de la educaci\u00f3n superior<\/h5>\t\t\t\t<\/div>\n\t\t\t\t<\/div>\n\t\t\t\t<div class=\"elementor-element elementor-element-9e02e8f elementor-widget elementor-widget-text-editor\" data-id=\"9e02e8f\" data-element_type=\"widget\" data-widget_type=\"text-editor.default\">\n\t\t\t\t<div class=\"elementor-widget-container\">\n\t\t\t\t\t\t\t\t\t<p><span style=\"font-weight: 400;\">La UNICEN se encuentra trabajando en la sensibilizaci\u00f3n de la comunidad universitaria acerca de la Agenda 2023 y en la promoci\u00f3n de acciones que garanticen la adopci\u00f3n de los ODS y sus metas.<\/span><\/p><p><span style=\"font-weight: 400;\">En ese marco la DRI, lleva adelante actividades de sensibilizaci\u00f3n y capacitaci\u00f3n junto a otras dependencias de la UNICEN.\u00a0 Entre ellas, se ha promovido la elaboraci\u00f3n e implementaci\u00f3n de espacios colaborativos virtuales internacionales con perspectiva ODS, trav\u00e9s de la Primera Convocatoria Internacionalizaci\u00f3n de Espacios Colaborativos Virtuales internacionales de la UNICEN<\/span><\/p>\t\t\t\t\t\t\t\t<\/div>\n\t\t\t\t<\/div>\n\t\t\t\t<\/div>\n\t\t\t\t\t<\/div>\n\t\t\t\t<\/div>\n\t\t<div class=\"elementor-element elementor-element-f36ff6c e-flex e-con-boxed e-con e-parent\" data-id=\"f36ff6c\" data-element_type=\"container\">\n\t\t\t\t\t<div class=\"e-con-inner\">\n\t\t\t\t<div class=\"elementor-element elementor-element-46cd624 elementor-widget elementor-widget-image\" data-id=\"46cd624\" data-element_type=\"widget\" data-widget_type=\"image.default\">\n\t\t\t\t<div class=\"elementor-widget-container\">\n\t\t\t\t\t\t\t\t\t\t\t\t\t\t\t<img decoding=\"async\" width=\"300\" height=\"130\" src=\"https:\/\/internacionales.unicen.edu.ar\/wp-content\/uploads\/2025\/03\/ODS-logo-compuesto-300x130.webp\" class=\"attachment-medium size-medium wp-image-4307\" alt=\"\" srcset=\"https:\/\/internacionales.unicen.edu.ar\/wp-content\/uploads\/2025\/03\/ODS-logo-compuesto-300x130.webp 300w, https:\/\/internacionales.unicen.edu.ar\/wp-content\/uploads\/2025\/03\/ODS-logo-compuesto-1024x443.webp 1024w, https:\/\/internacionales.unicen.edu.ar\/wp-content\/uploads\/2025\/03\/ODS-logo-compuesto-768x332.webp 768w, https:\/\/internacionales.unicen.edu.ar\/wp-content\/uploads\/2025\/03\/ODS-logo-compuesto-1536x664.webp 1536w, https:\/\/internacionales.unicen.edu.ar\/wp-content\/uploads\/2025\/03\/ODS-logo-compuesto.webp 1920w\" sizes=\"(max-width: 300px) 100vw, 300px\" \/>\t\t\t\t\t\t\t\t\t\t\t\t\t\t\t<\/div>\n\t\t\t\t<\/div>\n\t\t\t\t\t<\/div>\n\t\t\t\t<\/div>\n\t\t<div class=\"elementor-element elementor-element-7d13af5 e-flex e-con-boxed e-con e-parent\" data-id=\"7d13af5\" data-element_type=\"container\" data-settings=\"{&quot;background_background&quot;:&quot;classic&quot;}\">\n\t\t\t\t\t<div class=\"e-con-inner\">\n\t\t\t\t<div class=\"elementor-element elementor-element-208574f elementor-widget elementor-widget-text-editor\" data-id=\"208574f\" data-element_type=\"widget\" data-widget_type=\"text-editor.default\">\n\t\t\t\t<div class=\"elementor-widget-container\">\n\t\t\t\t\t\t\t\t\t<p>Para m\u00e1s informaci\u00f3n mir\u00e1 nuestros<\/p><p>Proyectos Colaborativos Virtuales<\/p>\t\t\t\t\t\t\t\t<\/div>\n\t\t\t\t<\/div>\n\t\t\t\t\t<\/div>\n\t\t\t\t<\/div>\n\t\t<div class=\"elementor-element elementor-element-e2f77be e-flex e-con-boxed e-con e-parent\" data-id=\"e2f77be\" data-element_type=\"container\">\n\t\t\t\t\t<div class=\"e-con-inner\">\n\t\t\t\t\t<\/div>\n\t\t\t\t<\/div>\n\t\t\t\t<\/div>\n\t\t","protected":false},"excerpt":{"rendered":"<p>\u00bfQu\u00e9 son las ODS? ODS e internacionalizaci\u00f3n de la educaci\u00f3n superior La UNICEN se encuentra trabajando en la sensibilizaci\u00f3n de la comunidad universitaria acerca de la Agenda 2023 y en la promoci\u00f3n de acciones que garanticen la adopci\u00f3n de los ODS y sus metas. En ese marco la DRI, lleva [&hellip;]<\/p>\n","protected":false},"author":1,"featured_media":0,"parent":0,"menu_order":0,"comment_status":"closed","ping_status":"closed","template":"page-templates\/template-pagebuilder-full-width.php","meta":{"footnotes":""},"class_list":["post-4304","page","type-page","status-publish","hentry"],"rttpg_featured_image_url":null,"rttpg_author":{"display_name":"soporte","author_link":"https:\/\/internacionales.unicen.edu.ar\/?author=1"},"rttpg_comment":0,"rttpg_category":null,"rttpg_excerpt":"\u00bfQu\u00e9 son las ODS? ODS e internacionalizaci\u00f3n de la educaci\u00f3n superior La UNICEN se encuentra trabajando en la sensibilizaci\u00f3n de la comunidad universitaria acerca de la Agenda 2023 y en la promoci\u00f3n de acciones que garanticen la adopci\u00f3n de los ODS y sus metas. En ese marco la DRI, lleva [&hellip;]","_links":{"self":[{"href":"https:\/\/internacionales.unicen.edu.ar\/index.php?rest_route=\/wp\/v2\/pages\/4304","targetHints":{"allow":["GET"]}}],"collection":[{"href":"https:\/\/internacionales.unicen.edu.ar\/index.php?rest_route=\/wp\/v2\/pages"}],"about":[{"href":"https:\/\/internacionales.unicen.edu.ar\/index.php?rest_route=\/wp\/v2\/types\/page"}],"author":[{"embeddable":true,"href":"https:\/\/internacionales.unicen.edu.ar\/index.php?rest_route=\/wp\/v2\/users\/1"}],"replies":[{"embeddable":true,"href":"https:\/\/internacionales.unicen.edu.ar\/index.php?rest_route=%2Fwp%2Fv2%2Fcomments&post=4304"}],"version-history":[{"count":130,"href":"https:\/\/internacionales.unicen.edu.ar\/index.php?rest_route=\/wp\/v2\/pages\/4304\/revisions"}],"predecessor-version":[{"id":4763,"href":"https:\/\/internacionales.unicen.edu.ar\/index.php?rest_route=\/wp\/v2\/pages\/4304\/revisions\/4763"}],"wp:attachment":[{"href":"https:\/\/internacionales.unicen.edu.ar\/index.php?rest_route=%2Fwp%2Fv2%2Fmedia&parent=4304"}],"curies":[{"name":"wp","href":"https:\/\/api.w.org\/{rel}","templated":true}]}}

<div data-elementor-type="wp-page" data-elementor-id="4304" class="elementor elementor-4304">
				<div class="elementor-element elementor-element-34c58f2 e-flex e-con-boxed e-con e-parent" data-id="34c58f2" data-element_type="container">
					<div class="e-con-inner">
		<div class="elementor-element elementor-element-a80f6fe e-con-full e-flex e-con e-child" data-id="a80f6fe" data-element_type="container">
				<div class="elementor-element elementor-element-939a4df elementor-widget elementor-widget-heading" data-id="939a4df" data-element_type="widget" data-widget_type="heading.default">
				<div class="elementor-widget-container">
					<h4 class="elementor-heading-title elementor-size-default">¿Qué son las ODS?</h4>				</div>
				</div>
				<div class="elementor-element elementor-element-2d85546 elementor-widget elementor-widget-video" data-id="2d85546" data-element_type="widget" data-settings="{&quot;youtube_url&quot;:&quot;https:\/\/www.youtube.com\/watch?v=5SsJhGZffz0&quot;,&quot;video_type&quot;:&quot;youtube&quot;,&quot;controls&quot;:&quot;yes&quot;}" data-widget_type="video.default">
				<div class="elementor-widget-container">
							<div class="elementor-wrapper elementor-open-inline">
			<div class="elementor-video"></div>		</div>
						</div>
				</div>
				</div>
		<div class="elementor-element elementor-element-df70088 e-con-full e-flex e-con e-child" data-id="df70088" data-element_type="container">
				<div class="elementor-element elementor-element-4395266 elementor-widget elementor-widget-heading" data-id="4395266" data-element_type="widget" data-widget_type="heading.default">
				<div class="elementor-widget-container">
					<h5 class="elementor-heading-title elementor-size-default">ODS e internacionalización de la educación superior</h5>				</div>
				</div>
				<div class="elementor-element elementor-element-9e02e8f elementor-widget elementor-widget-text-editor" data-id="9e02e8f" data-element_type="widget" data-widget_type="text-editor.default">
				<div class="elementor-widget-container">
									<p><span style="font-weight: 400;">La UNICEN se encuentra trabajando en la sensibilización de la comunidad universitaria acerca de la Agenda 2023 y en la promoción de acciones que garanticen la adopción de los ODS y sus metas.</span></p><p><span style="font-weight: 400;">En ese marco la DRI, lleva adelante actividades de sensibilización y capacitación junto a otras dependencias de la UNICEN.  Entre ellas, se ha promovido la elaboración e implementación de espacios colaborativos virtuales internacionales con perspectiva ODS, través de la Primera Convocatoria Internacionalización de Espacios Colaborativos Virtuales internacionales de la UNICEN</span></p>								</div>
				</div>
				</div>
					</div>
				</div>
		<div class="elementor-element elementor-element-f36ff6c e-flex e-con-boxed e-con e-parent" data-id="f36ff6c" data-element_type="container">
					<div class="e-con-inner">
				<div class="elementor-element elementor-element-46cd624 elementor-widget elementor-widget-image" data-id="46cd624" data-element_type="widget" data-widget_type="image.default">
				<div class="elementor-widget-container">
															<img decoding="async" width="300" height="130" src="https://internacionales.unicen.edu.ar/wp-content/uploads/2025/03/ODS-logo-compuesto-300x130.webp" class="attachment-medium size-medium wp-image-4307" alt="" srcset="https://internacionales.unicen.edu.ar/wp-content/uploads/2025/03/ODS-logo-compuesto-300x130.webp 300w, https://internacionales.unicen.edu.ar/wp-content/uploads/2025/03/ODS-logo-compuesto-1024x443.webp 1024w, https://internacionales.unicen.edu.ar/wp-content/uploads/2025/03/ODS-logo-compuesto-768x332.webp 768w, https://internacionales.unicen.edu.ar/wp-content/uploads/2025/03/ODS-logo-compuesto-1536x664.webp 1536w, https://internacionales.unicen.edu.ar/wp-content/uploads/2025/03/ODS-logo-compuesto.webp 1920w" sizes="(max-width: 300px) 100vw, 300px" />															</div>
				</div>
					</div>
				</div>
		<div class="elementor-element elementor-element-7d13af5 e-flex e-con-boxed e-con e-parent" data-id="7d13af5" data-element_type="container" data-settings="{&quot;background_background&quot;:&quot;classic&quot;}">
					<div class="e-con-inner">
				<div class="elementor-element elementor-element-208574f elementor-widget elementor-widget-text-editor" data-id="208574f" data-element_type="widget" data-widget_type="text-editor.default">
				<div class="elementor-widget-container">
									<p>Para más información mirá nuestros</p><p>Proyectos Colaborativos Virtuales</p>								</div>
				</div>
					</div>
				</div>
		<div class="elementor-element elementor-element-e2f77be e-flex e-con-boxed e-con e-parent" data-id="e2f77be" data-element_type="container">
					<div class="e-con-inner">
					</div>
				</div>
				</div>

<p>¿Qué son las ODS? ODS e internacionalización de la educación superior La UNICEN se encuentra trabajando en la sensibilización de la comunidad universitaria acerca de la Agenda 2023 y en la promoción de acciones que garanticen la adopción de los ODS y sus metas. En ese marco la DRI, lleva [&hellip;]</p>

¿Qué son las ODS? ODS e internacionalización de la educación superior La UNICEN se encuentra trabajando en la sensibilización de la comunidad universitaria acerca de la Agenda 2023 y en la promoción de acciones que garanticen la adopción de los ODS y sus metas. En ese marco la DRI, lleva [&hellip;]
